06565
-21789 (base 11) to base 6
-402033
Convert 4342414 (base 5) to base 9.
123457
Convert -1697830 (base 10) to base 5.
-413312310
What is -2241302 (base 5) in base 3?
-2001010222
What is -150bd1 (base 16) in base 13?
-393a57
Convert 11022202021 (base 3) to base 7.
503065
4120543 (base 7) to base 16
783c1
Convert -252630 (base 7) to base 14.
-12dc0
-6ac094 (base 14) to base 12
-1278a82
-664db (base 15) to base 3
-121111221222
What is -11127068 (base 9) in base 15?
-71784b
e31f (base 16) to base 12
29793
320231200 (base 4) to base 13
81964
1000011110011111010 (base 2) to base 5
32342004
201022114 (base 5) to base 10
798409
Convert -296527 (base 10) to base 4.
-1020121033
What is 3004a4 (base 11) in base 2?
1110110000110100111
What is -2037405 (base 12) in base 16?
-5c4485
What is 8571c6 (base 16) in base 15?
b7b379
Convert -100100001001021 (base 3) to base 8.
-22731157
20444102 (base 9) to base 14
143cc13
-f0704 (base 16) to base 5
-223003321
What is 2005403 (base 7) in base 14?
6263a
What is -242105200 (base 6) in base 11?
-2649a32
What is -245c25 (base 16) in base 8?
-11056045
What is 103c75 (base 15) in base 12?
312b32
210200202 (base 4) to base 10
149538
Convert 120201000111 (base 3) to base 4.
1023131311
What is -111000101010101011 (base 2) in base 7?
-1654461
What is 100000011010100010 (base 2) in base 12?
64a02
Convert 362562 (base 10) to base 12.
155996
-152442262 (base 7) to base 14
-14d57a2
1fd14 (base 16) to base 2
11111110100010100
617c42 (base 15) to base 6
243150142
Convert -14733113 (base 9) to base 3.
-111211010010110
Convert -10010000101101100 (base 2) to base 4.
-102011230
What is 22021010 (base 3) in base 13?
2985
What is -24123424 (base 5) in base 16?
-3697e
-200254 (base 10) to base 7
-1462555
110100020201 (base 3) to base 9
410221
What is -10314 (base 9) in base 10?
-6817
Convert 232134104 (base 5) to base 10.
1052404
11b6d1a (base 14) to base 13
19bbcc4
-2bb5b0 (base 16) to base 14
-547d16
8834 (base 9) to base 15
1de1
Convert -3484901 (base 13) to base 3.
-1010111021020212
1023302021 (base 4) to base 16
4bc89
b716a (base 16) to base 6
24023522
-102000012112222 (base 3) to base 13
-129a8a4
What is 3033013110 (base 4) in base 5?
204121330
Convert -4786a (base 11) to base 2.
-10000110100111101
Convert 308a3 (base 12) to base 9.
106066
7745a4 (base 14) to base 8
17335724
What is -19b62 (base 16) in base 9?
-170415
Convert ab5b08 (base 14) to base 16.
58c17c
14859 (base 15) to base 11
45659
37a930 (base 11) to base 3
1010111010220
What is -1021111200012 (base 3) in base 5?
-133213230
Convert 1120333013 (base 5) to base 13.
69c297
What is -912868 (base 10) in base 5?
-213202433
What is 1565a8 (base 12) in base 7?
3043301
-387b1 (base 16) to base 12
-b1a69
-3214120 (base 5) to base 10
-54285
-8545 (base 16) to base 10
-34117
Convert -3402679 (base 10) to base 14.
-648087
Convert 11c1cb7 (base 13) to base 6.
314504133
Convert -83349 (base 13) to base 7.
-2001006
What is 11444344302 (base 5) in base 10?
13668702
Convert -1c73b95 (base 13) to base 16.
-90d188
What is 17824a2 (base 11) in base 13?
819392
What is -20cb6 (base 15) in base 8?
-313271
What is 1077537 (base 10) in base 15?
16440c
What is -10010001100001000101 (base 2) in base 15?
-bb90c
-168888 (base 10) to base 2
-101001001110111000
-1531305 (base 6) to base 10
-89753
What is -11322200 (base 5) in base 10?
-104675
Convert -101011100011101011 (base 2) to base 14.
-49039
Convert c49b8a (base 14) to base 15.
8b0bbb
Convert 10111111001000110 (base 2) to base 15.
1dee2
Convert 4210 (base 7) to base 15.
687
What is 13a1a2 (base 13) in base 14?
c691d
-194ac3 (base 13) to base 6
-21410123
-dd2c (base 14) to base 10
-38260
What is 43100133 (base 6) in base 7?
13526316
3970639 (base 11) to base 4
122030213011
What is -104130312 (base 5) in base 14?
-bcdb1
Convert 22030342 (base 6) to base 3.
1020101111222
131401211 (base 6) to base 8
11721147
Convert 32d7 (base 14) to base 10.
8813
-2523c (base 15) to base 14
-3133a
Convert 123783 (base 15) to base 3.
1122022202220
What is 90004 (base 11) in base 4?
200022331
What is -80eb69 (base 15) in base 6?
-335135400
What is -10111111000101011100 (base 2) in base 8?
-2770534
What is -10322030120 (base 4) in base 10?
-1286936
What is -5111666 (base 8) in base 9?
-2474751
Convert f46f (base 16) to base 8.
172157
Convert 441661 (base 7) to base 4.
102323020
What is 853267 (base 11) in base 6?
45135413
-72864 (base 14) to base 4
-1003121120
-100486 (base 13) to base 14
-99851
What is 302002112221 (base 4) in base 8?
62022651
Convert 2500921 (base 12) to base 3.
111120200110221
Convert 131342124 (base 5) to base 7.
5356114
What is 235221402 (base 6) in base 3?
22101010101102
5c7b7 (base 16) to base 5
44110212
What is -487a1a (base 12) in base 6?
-41102434
-1345d (base 16) to base 2
-10011010001011101
Convert 10200112323 (base 4) to base 9.
2200160
What is -1335510 (base 6) in base 9?
-124056
What is -21101 (base 9) in base 7?
-55423
Convert 212022212 (base 5) to base 11.
55a345
-7021427 (base 11) to base 16
-bdb2b5
10122110110012 (base 3) to base 16
1d925b
Convert -11101111100110000 (base 2) to base 4.
-131330300
24412240 (base 6) to base 3
1110121011120
Convert 125659 (base 10) to base 16.
1eadb
24607 (base 8) to base 10
10631
Convert -968465 (base 16) to base 8.
-45502145
Convert -aed97b (base 16) to base 3.
-210120011201011
Convert -31033113 (base 6) to base 11.
-559501
What is 12223323434 (base 5) in base 14?
1d3b373
Convert -525cd0 (base 14) to base 10.
-2782206
What is 10012220120110 (base 3) in base 15?
23bcd6
Convert -181652 (base 13) to base 9.
-1118215
5260012 (base 7) to base 5
130330044
-5240054 (base 6) to base 2
-111110000001100010
114321424 (base 6) to base 9
4071057
Convert 1111001111010011 (base 2) to base 15.
13764
What is -163002442 (base 7) in base 10?
-11059918
-23143300 (base 5) to base 4
-303010300
-133041444 (base 5) to base 2
-10100100101101000000
11110110101111001 (base 2) to base 3
20102021212
-104771 (base 8) to base 13
-13100
Convert -cb21 (base 15) to base 9.
-64884
Convert 2b923 (base 14) to base 16.
1a90b
-1121020002020 (base 3) to base 4
-3033231303
Convert -1c00856 (base 14) to base 11.
-7992209
What is -101382 (base 10) in base 14?
-28d38
-12102303212 (base 4) to base 5
-410244034
3e7005 (base 15) to base 14
5851a1
Convert 100001001101001 (base 2) to base 7.
100365
What is 10417733 (base 8) in base 9?
4177655
What is 2414135 (base 6) in base 5?
13023020
Convert -a7885 (base 11) to base 9.
-258058
Convert -3582493 (base 10) to base 16.
-36aa1d
Convert 36eab2 (base 15) to base 10.
2631542
Convert -188558 (base 12) to base 6.
-13111352
Convert e58b (base 16) to base 6.
1132015
Convert -4254143 (base 6) to base 7.
-1532013
What is cb4b2a (base 16) in base 15?
1282885
Convert -66709 (base 11) to base 4.
-113212300
What is 1475ba4 (base 12) in base 9?
7704567
-4aab141 (base 12) to base 5
-12223040232
What is -b3140 (base 14) in base 3?
-210220022012
-100010110 (base 3) to base 2
-1100111111110
Convert -1101010001001000000 (base 2) to base 11.
-2776aa
Convert 1322435 (base 9) to base 13.
1c4429
Convert 955c0 (base 13) to base 5.
32102120
-451154 (base 6) to base 3
-1220221121
What is 120011200222012 (base 3) in base 4?
132300302300
-11011000111011000011011 (base 2) to base 9
-14333454
-113405 (base 12) to base 14
-724a9
Convert 30540100 (base 6) to base 10.
883908
Convert -4d2517 (base 16) to base 14.
-9586a3
Convert 133646 (base 9) to base 10.
81447
What is 3657b7 (base 13) in base 10?
1297563
Convert -14102523 (base 6) to base 4.
-1303331103
Convert 65349a (base 11) to base 4.
3332322001
-4241564 (base 7) to base 4
-1331212100
Convert -1436510 (base 8) to base 4.
-1203311020
What is 3012122000 (base 4) in base 14?
172240
-20923 (base 10) to base 8
-50673
-1c78696 (base 13) to base 4
-210033210211
What is 120120112100100 (base 3) in base 7?
130233060
15864 (base 9) to base 8
25240
What is 2020021020001 (base 3) in base 9?
2207201
Convert 531972 (base 10) to base 3.
1000000201200
136aab (base 15) to base 11
588730
What is -222212212200110 (base 3) in base 8?
-66401120
-28478c (base 15) to base 13
-52b717
Convert 1537d (base 14) to base 10.
52835
-11121010212002 (base 3) to base 6
-124212302
What is -2122112211